t x(w) = -2*w - 24. Give x(-8).
-8
Let x(v) = v**3 + 5*v**2 + 5*v - 1. Give x(-2).
1
Let d(p) = -p**3 - 2*p**2 + 11*p + 27. What is d(-6)?
105
Let o(a) = -3*a**3 + 2*a**2 - a + 1. Give o(2).
-17
Let l(q) = -q**2 + 14*q - 19. Give l(12).
5
Let m(o) = o**3 - 12*o**2 + o + 5. Give m(12).
17
Let v(a) = 5*a - 5. Determine v(4).
15
Let s(p) = -2*p**3 - 29*p**2 - 8*p + 65. Calculate s(-14).
-19
Let h(p) = p**3 - 17*p**2 + p + 12. What is h(17)?
29
Let f(r) = -r**3 + r - 58. What is f(0)?
-58
Let p(j) = -122*j + 1346. Calculate p(11).
4
Let d(f) = -f**2 - 11*f - 3. What is d(-11)?
-3
Let c(y) = -7*y**2 - 4*y - 6. Calculate c(-2).
-26
Let m(r) = -r**2 + 32*r - 230. What is m(22)?
-10
Let l(j) = 13*j + 124. Calculate l(-9).
7
Let q(p) = -p**3 - 12*p**2 + 11*p - 12. Calculate q(-13).
14
Let j(q) = -q**2 + 5*q + 37. Calculate j(6).
31
Let x(h) = 6*h**2 + 9*h + 15. Give x(-6).
177
Let q(t) = t**3 + 13*t**2 + 14*t - 5. Calculate q(-12).
-29
Let k(n) = n**3 - 6*n**2 - 8*n + 7. Calculate k(6).
-41
Let n(m) = m**3 - 32*m**2 - 31*m - 78. Determine n(33).
-12
Let c(i) = -i**2 + 15*i - 6. Give c(15).
-6
Let r(a) = a**3 - 11*a**2 + 23*a - 8. Calculate r(2).
2
Let q(u) = u**3 - 7*u**2 + 15. Determine q(6).
-21
Let y(n) = 3*n**2 + 12*n + 3. Give y(-5).
18
Let q(x) = -2*x**2 + 11*x + 11. Give q(6).
5
Let a(p) = p**2 + 13*p + 4. What is a(-5)?
-36
Let c(p) = 2*p**3 + p. What is c(1)?
3
Let d(x) = -x**3 - 10*x**2 - x + 18. Give d(-10).
28
Let t(g) = -g**3 + 10*g**2 - 2*g - 19. Give t(8).
93
Let y(h) = 6*h - 4. Give y(3).
14
Let g(f) = -4*f - 4. Determine g(-4).
12
Let k(s) = -3*s**3 + 2*s**2 - 3*s + 1. Give k(1).
-3
Let r(x) = -8*x - 4. Give r(-2).
12
Let f(b) = -19*b + 199. Calculate f(10).
9
Let s(x) = -2*x**3 + 3*x**2 + 12. Calculate s(3).
-15
Let t(u) = -4*u**2 + u + 2. What is t(-4)?
-66
Let n(p) = 11*p**2 - 175*p - 6. Calculate n(16).
10
Let i(r) = 10*r - 36. Give i(5).
14
Let r(a) = -2*a**2 - 6*a - 8. Give r(-2).
-4
Let i(w) = -5*w - 110. Calculate i(-23).
5
Let m(n) = 2*n + 13. Determine m(-4).
5
Let w(u) = -12*u**3 - u**2 - u + 1. Give w(1).
-13
Let o(s) = -s**2 + 41*s + 67. Calculate o(43).
-19
Let g(i) = -i**2 - 5*i + 48. What is g(-8)?
24
Let n(j) = -2*j + 9. Give n(5).
-1
Let w(t) = t**3 + 15*t**2 + 11*t - 31. Determine w(-14).
11
Let o(z) = -z**3 + 17*z**2 - 16*z - 4. Calculate o(16).
-4
Let w(u) = 52*u. What is w(-1)?
-52
Let k(c) = c**3 - 31*c**2 + 83*c + 44. What is k(28)?
16
Let r(m) = -m - 23. Give r(0).
-23
Let z(y) = y**3 - y**2 - y + 43. Give z(0).
43
Let b(l) = 7*l + 10. Determine b(-6).
-32
Let c(q) = 120*q + 729. Give c(-6).
9
Let d(j) = -2*j**3 - 7*j**2 - 9*j - 7. Give d(-3).
11
Let p(k) = k**2 - 28*k + 50. Give p(21).
-97
Let i(b) = -b**3 - 4*b**2 - 2*b - 10. What is i(-4)?
-2
Let b(k) = -6*k**3 + k + 1. Give b(-2).
47
Let q(i) = -i + 27. Determine q(13).
14
Let z(n) = n**2 - 9*n + 5. What is z(7)?
-9
Let a(t) = -2*t**2 - 9*t - 14. What is a(-3)?
-5
Let s(h) = 6*h**2 - 6*h - 2. What is s(4)?
70
Let p(n) = n**3 + 23*n**2 - 15*n - 347. What is p(-23)?
-2
Let v(j) = -4*j**2 - 31*j + 11. Determine v(-8).
3
Let v(a) = a**2 + 3*a - 82. What is v(-10)?
-12
Let a(q) = q**2 - 7*q + 13. What is a(6)?
7
Let a(n) = 14*n + 25. Give a(-2).
-3
Let n(g) = 3*g**2 + 34*g - 26. What is n(-12)?
-2
Let j(c) = c**2 + 3*c - 23. What is j(-6)?
-5
Let i(o) = -5*o**2 - 17*o - 1. Calculate i(-8).
-185
Let r(j) = -31*j + 35. Give r(1).
4
Let i(r) = -142*r - 849. Determine i(-6).
3
Let f(u) = u**2 + 2*u - 13. Calculate f(4).
11
Let y(x) = -x**3 + 7*x**2 - 6*x. Calculate y(5).
20
Let x(k) = -k**2 + 11. Determine x(0).
11
Let d(z) = 27*z - 108. Give d(4).
0
Let z(b) = -b**2 + 10*b + 18. Give z(-2).
-6
Let u(x) = -x**3 - 5*x**2 - 9*x - 47. What is u(-5)?
-2
Let k(x) = -x**3 + 6*x**2 - x - 9. Calculate k(5).
11
Let m(t) = 2*t**3 + 5*t**2 - 8*t - 22. Give m(-4).
-38
Let q(p) = -15*p + 45. Determine q(6).
-45
Let o(f) = 3*f - 11. Calculate o(9).
16
Let s(z) = z**3 + z**2 - 3*z - 2. Give s(-2).
0
Let b(z) = 6*z**3 + 2*z**2 - 2*z. Determine b(-2).
-36
Let z(k) = -15*k + 3. Calculate z(1).
-12
Let b(o) = -16*o**3 + 6*o**2 + o - 2. Give b(-1).
19
Let x(f) = -4*f**2 - 10*f + 4. Calculate x(-3).
-2
Let z(y) = -y**2 + y - 12. Determine z(5).
-32
Let c(a) = 2*a - 38. Calculate c(11).
-16
Let j(x) = -x**3 - 7*x**2 - 7*x - 3. Give j(-6).
3
Let y(o) = -o + 13. Calculate y(13).
0
Let y(n) = -3*n**3 - 7*n**2 - 6*n - 6. What is y(-4)?
98
Let h(l) = -6*l**2 + 11*l - 1. Give h(2).
-3
Let m(h) = h**3 - 7*h**2 + 11*h + 4. Determine m(5).
9
Let d(l) = 4*l**2 - l - 2. What is d(2)?
12
Let p(g) = -23*g + 76. Calculate p(4).
-16
Let y(x) = -x**3 + 2*x**2 - 4*x - 14. Calculate y(0).
-14
Let t(w) = -w**2 + 2*w + 3. Give t(-2).
-5
Let k(x) = x**3 - 7*x**2 - 3*x + 8. Calculate k(7).
-13
Let f(a) = -a**3 + 17*a**2 + 22*a - 22. Give f(18).
50
Let i(m) = 8*m**2 + 2*m - 1. Calculate i(1).
9
Let j(d) = -17*d**2 - 3*d - 3. Determine j(3).
-165
Let y(k) = 20*k + 62. What is y(-3)?
2
Let g(q) = q**2 + 4*q - 8. What is g(-7)?
13
Let h(m) = 3*m - 16. Determine h(11).
17
Let g(j) = j**3 + 5*j**2 - 8*j + 2. Determine g(-6).
14
Let t(d) = 4*d + 37. Give t(-6).
13
Let x(c) = -c**3 + 6*c**2 - 7*c + 5. Determine x(5).
-5
Let v(j) = 29*j**3 + j**2 + 4*j + 2. Give v(-1).
-30
Let o(f) = 4*f**3 - 2*f**2 - 12*f - 11. Determine o(-1).
-5
Let g(x) = x**2 + 16*x + 6. What is g(-16)?
6
Let u(b) = b**2 + 14*b + 46. What is u(-11)?
13
Let u(v) = -v**3 + 6*v**2 + 8*v + 5. Give u(7).
12
Let g(n) = n**2 - 7*n. What is g(6)?
-6
Let b(o) = 32*o - 676. Give b(21).
-4
Let q(d) = 21*d + 436. Give q(-21).
-5
Let b(y) = -y + 57. Give b(0).
57
Let v(n) = 49*n**2 + 7*n - 7. What is v(1)?
49
Let z(t) = -2*t**2 - 31*t + 10. Give z(-16).
-6
Let m(t) = 35*t - 168. Give m(5).
7
Let u(n) = 6*n + 67. Determine u(-12).
-5
Let i(u) = u**3 - 15*u**2 + 12*u + 88. What is i(14)?
60
Let k(p) = p**2 - 9*p - 9. Calculate k(7).
-23
Let v(p) = -p**3 + 3*p**2 + 2*p - 12. Determine v(3).
-6
Let c(h) = -h**3 + h**2 - 2*h + 88. Give c(0).
88
Let d(t) = t**3 + t. What is d(0)?
0
Let l(v) = -v**3 + 21*v**2 - 16*v - 76. Calculate l(20).
4
Let z(q) = 3*q**3 - 15*q**2 - 5*q - 19. What is z(6)?
59
Let b(t) = -t**2 + 6*t + 1. Determine b(4).
9
Let d(f) = -f - 8. Calculate d(-11).
3
Let r(s) = s**3 - 4*s**2 - 20*s + 3. Determine r(7).
10
Let o(q) = 3*q**2 + 53*q - 19. Calculate o(-17).
-53
Let t(a) = -a**2 + 13*a + 1. Calculate t(11).
23
Let w(q) = -q**3 + 6*q**2 - 7*q + 3. Calculate w(5).
-7
Let g(i) = -i**3 + 38*i**2 - 37*i + 3. What is g(37)?
3
Let r(d) = -d**2 + 24*d + 20. Calculate r(25).
-5
Let b(g) = -2*g**2 + 48*g + 43. Determine b(25).
-7
Let y(j) = j**3 - 3*j**2 + j + 6. Calculate y(4).
26
Let i(m) = m**3 - 9*m**2 + 11*m - 22. Calculate i(8).
2
Let k(g) = g**2 - 40*g - 424. Give k(49).
17
Let a(j) = 4*j + 11. What is a(-4)?
-5
Let a(i) = 8*i**2 - i + 1. Calculate a(1).
8
Let u(i) = -3*i + 12. What is u(6)?
-6
Let f(a) = a**2 - 18*a + 81. Calculate f(13).
16
Let r(n) = -n**2 + 8*n - 1. What is r(6)?
11
Let a(m) = -15*m**3 + 3*m**2 - 1. What is a(1)?
-13
Let v(j) = j**3 - 7*j**2 - 6*j - 15. Determine v(8).
1
Let u(z) = 6*z**3 + z**2 + z - 12. Determine u(2).
42
Let r(n) = -n**3 - 14*n**2 - 16*n - 21. Calculate r(-13).
18
Let s(y) = -5*y + 10. Calculate s(4).
-10
Let y(k) = -3*k + 36. What is y(14)?
-6
Let x(w) = w - 17. What is x(11)?
-6
Let n(a) = -a**3 + 11*a**2 - 12*a - 2. Give n(9).
52
Let a(x) = 7*x - 372. Calculate a(51).
-15
Let h(u) = -3*u - 10. Give h(-8).
14
Let v(h) = -2*h**2 - 4*h - 6. Give v(-2).
-6
Let x(n) = -12*n**3 + 6*n**2 - 4*n - 1. Calculate x(1).
-11
Let m(n) = -n**2 - 7*n + 6. Determine m(-8).
-2
Let i(p) = 4*p**2 + 37*p + 4. Give i(-9).
-5
Let f(q) = 23*q + 251. Determine f(-12).
-25
Let d(q) = -2*q**3 - q**2 + 2*q + 1. Determine d(-2).
9
Let w(z) = 11*z**2 - 2*z - 1. Give w(-2).
47
Let d(f) = -3*f**2 + 7*f. Calculate d(3).
-6
Let f(n) = n**3 - 5*n**2 - 8*n + 4. Calculate f(6).
-8
Let x(w) = -w**3 - 9*w**2 - 10*w - 20. Calculate x(-8).
-4
Let h(r) = -r**3 - 4*r**2 + r. What is h(-4)?
-4
Let s(g) = 3*g + 13. Determine s(-6).
-5
Let c(s) = -5*s + 1. Determine c(-4).
21
Let b(m) = -2*m**2 + 12*m + 2. Give b(7).
-12
Let f(c) = -c - 7. Calculate f(-4).
-3
Let k(v) = -v**2 - 21*v - 20. Determine k(-21).
-20
Let x(s) = 19*s**3 + s**2 + s. C